{"id":59,"date":"2019-01-29T07:46:44","date_gmt":"2019-01-29T07:46:44","guid":{"rendered":"http:\/\/frauenhaus-heilbronn.de\/turk\/?page_id=59"},"modified":"2026-04-20T14:22:18","modified_gmt":"2026-04-20T14:22:18","slug":"gizlilik-politikasii","status":"publish","type":"page","link":"https:\/\/fhf-heilbronn.de\/turk\/gizlilik-politikasii\/","title":{"rendered":"Gizlilik Politikas\u0131"},"content":{"rendered":"<p>[et_pb_section fb_built=&#8220;1&#8243; _builder_version=&#8220;4.16&#8243; global_colors_info=&#8220;{}&#8220;][et_pb_row _builder_version=&#8220;4.16&#8243; global_colors_info=&#8220;{}&#8220;][et_pb_column type=&#8220;4_4&#8243; _builder_version=&#8220;4.16&#8243; custom_padding=&#8220;|||&#8220; global_colors_info=&#8220;{}&#8220; custom_padding__hover=&#8220;|||&#8220;][et_pb_image src=&#8220;http:\/\/frauenhaus-heilbronn.de\/wp-content\/uploads\/sites\/8\/2019\/02\/Frauen-helfen-Frauen-Headline-Datenschutz.png&#8220; align_tablet=&#8220;center&#8220; align_phone=&#8220;&#8220; align_last_edited=&#8220;on|desktop&#8220; disabled_on=&#8220;on|off|off&#8220; admin_label=&#8220;Headerbild Datenschutz&#8220; _builder_version=&#8220;4.16&#8243; global_colors_info=&#8220;{}&#8220;][\/et_pb_image][et_pb_image src=&#8220;http:\/\/frauenhaus-heilbronn.de\/wp-content\/uploads\/sites\/8\/2019\/02\/Frauen-helfen-Frauen-Headline-Datenschutz-mobile.jpg&#8220; align_tablet=&#8220;center&#8220; align_phone=&#8220;&#8220; align_last_edited=&#8220;on|desktop&#8220; disabled_on=&#8220;off|on|on&#8220; admin_label=&#8220;Headerbild Datenschutz mobil&#8220; _builder_version=&#8220;4.16&#8243; global_colors_info=&#8220;{}&#8220;][\/et_pb_image][\/et_pb_column][\/et_pb_row][et_pb_row _builder_version=&#8220;4.16&#8243; global_colors_info=&#8220;{}&#8220;][et_pb_column type=&#8220;4_4&#8243; _builder_version=&#8220;4.16&#8243; custom_padding=&#8220;|||&#8220; global_colors_info=&#8220;{}&#8220; custom_padding__hover=&#8220;|||&#8220;][et_pb_text admin_label=&#8220;Datenschutzerkl\u00e4rung&#8220; _builder_version=&#8220;4.27.4&#8243; text_font=&#8220;||||||||&#8220; text_text_color=&#8220;#4c4c4c&#8220; text_line_height=&#8220;1.9em&#8220; header_font=&#8220;||||||||&#8220; header_text_color=&#8220;#7f5da4&#8243; header_2_font=&#8220;|700|||||||&#8220; header_2_text_color=&#8220;#7f5da4&#8243; header_3_font=&#8220;||||||||&#8220; header_3_text_color=&#8220;#7f5da4&#8243; global_colors_info=&#8220;{}&#8220;]<\/p>\n<h2 data-start=\"69\" data-end=\"92\">GENEL B\u0130LG\u0130LER<\/h2>\n<p data-start=\"94\" data-end=\"404\">Ki\u015fisel verilerinizin korunmas\u0131 bizim i\u00e7in \u00f6zellikle \u00f6nemlidir. Ki\u015fisel verilerinizi gizlilikle ve yasal veri koruma d\u00fczenlemelerine uygun olarak, ayr\u0131ca bu Gizlilik Politikas\u0131na g\u00f6re i\u015flemekteyiz.<br data-start=\"301\" data-end=\"304\" \/>Bu Gizlilik Politikas\u0131, web sitemizde ki\u015fisel verileri nas\u0131l toplad\u0131\u011f\u0131m\u0131z, i\u015fledi\u011fimiz ve kulland\u0131\u011f\u0131m\u0131z hakk\u0131nda sizi bilgilendirir.<\/p>\n<h2 data-start=\"406\" data-end=\"420\">SORUMLU KURULU\u015e<\/h2>\n<p data-start=\"422\" data-end=\"625\">Otonom Kad\u0131n S\u0131\u011f\u0131na\u011f\u0131 Heilbronn<br data-start=\"458\" data-end=\"461\" \/>\u2013 Frauen Helfen Frauen e.V.<br data-start=\"488\" data-end=\"491\" \/>Dan\u0131\u015fma Merkezi<br data-start=\"508\" data-end=\"511\" \/>Gartenstr. 64<br data-start=\"524\" data-end=\"527\" \/>74072 Heilbronn<br data-start=\"542\" data-end=\"545\" \/>Tel. 0 71 31 \u2013 50 78 53<br data-start=\"568\" data-end=\"571\" \/>Faks 0 71 31 \u2013 57 46 46<br data-start=\"594\" data-end=\"597\" \/>E-posta: verein(at)fhf-heilbronn.de<\/p>\n<p data-start=\"627\" data-end=\"891\">1. Ba\u015fkan\u0131: Ute Langner-Zimmermann<br data-start=\"665\" data-end=\"668\" \/>Medya Hizmetleri Devlet Anla\u015fmas\u0131 anlam\u0131nda sorumlu ki\u015fi: Ute Langner-Zimmermann<br data-start=\"760\" data-end=\"763\" \/>K\u00e2r amac\u0131 g\u00fctmeyen tescilli dernek (Vergi No. 6520) Kay\u0131t No. 1376<br data-start=\"825\" data-end=\"828\" \/>Banka bilgileri: IBAN: DE56 6205 0000 0000 031615 BIC: HEISDE66XXX<\/p>\n<h2 data-start=\"893\" data-end=\"904\">HOSTING<\/h2>\n<p data-start=\"906\" data-end=\"982\">Web sitemiz STRATO AG (Pascalstra\u00dfe 10, 10587 Berlin, Almanya) taraf\u0131ndan bar\u0131nd\u0131r\u0131lmaktad\u0131r.<\/p>\n<p data-start=\"984\" data-end=\"1331\">STRATO, sald\u0131r\u0131lar\u0131 tespit etmek ve \u00f6nlemek amac\u0131yla IP adreslerini s\u00f6zde sunucu g\u00fcnl\u00fck dosyalar\u0131nda (server log files) en fazla 7 g\u00fcn s\u00fcreyle saklamaktad\u0131r. Bu veriler di\u011fer veri kaynaklar\u0131yla birle\u015ftirilmez. Bu verilerin i\u015flenmesi, web sitesinin teknik i\u015flevselli\u011fi, g\u00fcvenli\u011fi ve optimizasyonuna y\u00f6nelik me\u015fru menfaatimiz do\u011frultusunda, GDPR Madde 6(1)(f) uyar\u0131nca ger\u00e7ekle\u015ftirilir.<\/p>\n<p data-start=\"1333\" data-end=\"1423\">STRATO ile GDPR Madde 28\u2019e uygun bir veri i\u015fleme s\u00f6zle\u015fmesi (DPA) yap\u0131lm\u0131\u015ft\u0131r.<\/p>\n<h2 data-start=\"1425\" data-end=\"1445\">SUNUCU G\u00dcNL\u00dcK DOSYALARI<\/h2>\n<p data-start=\"1447\" data-end=\"1600\">Web sitemizi ziyaret etti\u011finizde, taray\u0131c\u0131n\u0131z otomatik olarak verileri web sunucumuza iletir ve bunlar sunucu g\u00fcnl\u00fck dosyalar\u0131nda saklan\u0131r.<br data-start=\"1583\" data-end=\"1586\" \/>Bunlar \u015funlar\u0131 i\u00e7erir:<\/p>\n<ul data-start=\"1602\" data-end=\"1807\">\n<li data-start=\"1602\" data-end=\"1647\">\n<p data-start=\"1604\" data-end=\"1647\">IP adresi (k\u0131salt\u0131lm\u0131\u015f\/anonimle\u015ftirilmi\u015f formda)<\/p>\n<\/li>\n<li data-start=\"1648\" data-end=\"1680\">\n<p data-start=\"1650\" data-end=\"1680\">\u0130stek tarihi ve saati<\/p>\n<\/li>\n<li data-start=\"1681\" data-end=\"1710\">\n<p data-start=\"1683\" data-end=\"1710\">Eri\u015filen dosyan\u0131n ad\u0131<\/p>\n<\/li>\n<li data-start=\"1711\" data-end=\"1757\">\n<p data-start=\"1713\" data-end=\"1757\">Y\u00f6nlendiren URL (\u00f6nce ziyaret edilen sayfa)<\/p>\n<\/li>\n<li data-start=\"1758\" data-end=\"1786\">\n<p data-start=\"1760\" data-end=\"1786\">Taray\u0131c\u0131 t\u00fcr\u00fc ve s\u00fcr\u00fcm\u00fc<\/p>\n<\/li>\n<li data-start=\"1787\" data-end=\"1807\">\n<p data-start=\"1789\" data-end=\"1807\">\u0130\u015fletim sistemi<\/p>\n<\/li>\n<\/ul>\n<p data-start=\"1809\" data-end=\"1952\">Bu veriler, yaln\u0131zca sitenin sorunsuz \u00e7al\u0131\u015fmas\u0131n\u0131 sa\u011flamak ve hizmetlerimizi iyile\u015ftirmek amac\u0131yla kullan\u0131l\u0131r. Ki\u015fisel bir analiz yap\u0131lmaz.<\/p>\n<h2 data-start=\"1954\" data-end=\"1985\">VER\u0130 KORUMA \u0130LET\u0130\u015e\u0130M\u0130<\/h2>\n<p data-start=\"1987\" data-end=\"2140\" data-is-last-node=\"\" data-is-only-node=\"\">Veri korumas\u0131yla ilgili sorular\u0131n\u0131z varsa veya haklar\u0131n\u0131z\u0131 kullanmak istiyorsan\u0131z, bize \u015fu adresten e-posta g\u00f6nderebilirsiniz: <a data-start=\"2112\" data-end=\"2140\" data-is-last-node=\"\" class=\"decorated-link cursor-pointer\" rel=\"noopener\">info@frauenhaus-heilbronn.de<span aria-hidden=\"true\" class=\"ms-0.5 inline-block align-middle leading-none\"><svg width=\"20\" height=\"20\" viewbox=\"0 0 20 20\" fill=\"currentColor\" xmlns=\"http:\/\/www.w3.org\/2000\/svg\" data-rtl-flip=\"\" class=\"block h-[0.75em] w-[0.75em] stroke-current stroke-[0.75]\"><\/svg><\/span><\/a><\/p>\n<p>&nbsp;<\/p>\n<div class=\"agb_content agb_privacy notranslate\">\n<div>\n<h2>1) Ki\u015fisel Verilerin Toplanmas\u0131 ve Sorumlu Ki\u015finin \u0130leti\u015fim Bilgileri Hakk\u0131nda Bilgi<\/h2>\n<p><b>1.1<\/b>\u00a0Web sitemizi ziyaret etti\u011finiz i\u00e7in memnunuz ve ilginiz i\u00e7in te\u015fekk\u00fcr ederiz. A\u015fa\u011f\u0131daki bilgilerde, web sitemizi kullan\u0131rken ki\u015fisel verilerinizin nas\u0131l i\u015flendi\u011fi hakk\u0131nda sizi bilgilendiriyoruz. Ki\u015fisel veri, sizi ki\u015fisel olarak tan\u0131mlayabilecek her t\u00fcrl\u00fc veridir.<\/p>\n<p><b>1.2<\/b>\u00a0Bu web sitesindeki veri i\u015flemeden sorumlu ki\u015fi, Genel Veri Koruma T\u00fcz\u00fc\u011f\u00fc (GDPR) anlam\u0131nda: Autonomes Frauenhaus Heilbronn \u2013 Frauen Helfen Frauen e.V., Gartenstr. 64, 74072 Heilbronn, Almanya, Telefon: 0 71 31 \u2013 50 78 53, Faks: 0 71 31 \u2013 57 46 46, e-posta: info@frauenhaus-heilbronn.de. Ki\u015fisel verilerin i\u015flenme ama\u00e7 ve ara\u00e7lar\u0131na tek ba\u015f\u0131na veya ba\u015fkalar\u0131yla birlikte karar veren ger\u00e7ek veya t\u00fczel ki\u015fi, veri sorumlusudur.<\/p>\n<h2>2) Web Sitemizi Ziyaret Etti\u011finizde Veri Toplanmas\u0131<\/h2>\n<p><b>2.1<\/b>\u00a0Web sitemizi yaln\u0131zca bilgi ama\u00e7l\u0131 kullan\u0131yorsan\u0131z, yani kay\u0131t olmad\u0131\u011f\u0131n\u0131z veya ba\u015fka bir \u015fekilde bilgi sa\u011flamad\u0131\u011f\u0131n\u0131z s\u00fcrece, sadece taray\u0131c\u0131n\u0131z\u0131n sunucumuza iletti\u011fi verileri toplar\u0131z (s\u00f6zde \u201csunucu g\u00fcnl\u00fck dosyalar\u0131\u201d). Web sitemizi ziyaret etti\u011finizde \u015fu teknik olarak gerekli verileri toplar\u0131z:<\/p>\n<ul>\n<li>Ziyaret edilen web sitemiz<\/li>\n<li>Eri\u015fim an\u0131ndaki tarih ve saat<\/li>\n<li>G\u00f6nderilen veri miktar\u0131 (bayt olarak)<\/li>\n<li>Sayfaya geldi\u011finiz kaynak\/ba\u015fvuru<\/li>\n<li>Kullan\u0131lan taray\u0131c\u0131<\/li>\n<li>Kullan\u0131lan i\u015fletim sistemi<\/li>\n<li>Kullan\u0131lan IP adresi (gerekirse anonimle\u015ftirilmi\u015f formda)<\/li>\n<\/ul>\n<p>Veri i\u015fleme, GDPR Madde 6 (1) f uyar\u0131nca web sitemizin istikrar\u0131n\u0131 ve i\u015flevselli\u011fini iyile\u015ftirmeye y\u00f6nelik me\u015fru menfaatimize dayan\u0131r. Bu veriler aktar\u0131lmaz veya ba\u015fka \u015fekilde kullan\u0131lmaz. Ancak, yasad\u0131\u015f\u0131 kullan\u0131m belirtileri olmas\u0131 h\u00e2linde sunucu g\u00fcnl\u00fck dosyalar\u0131n\u0131 sonradan kontrol etme hakk\u0131m\u0131z sakl\u0131d\u0131r.<\/p>\n<p><b>2.2<\/b>\u00a0Bu web sitesi, g\u00fcvenlik nedenleriyle ve ki\u015fisel verilerin iletimini korumak i\u00e7in SSL veya TLS \u015fifrelemesi kullan\u0131r. \u015eifreli bir ba\u011flant\u0131y\u0131, https:\/\/ ifadesi ve taray\u0131c\u0131 sat\u0131r\u0131n\u0131zdaki kilit sembol\u00fcnden anlayabilirsiniz.<\/p>\n<h2>3) \u00c7erezler<\/h2>\n<p>Web sitemizi daha \u00e7ekici hale getirmek ve belirli i\u015flevleri etkinle\u015ftirmek i\u00e7in, son cihaz\u0131n\u0131zda saklanan k\u00fc\u00e7\u00fck metin dosyalar\u0131 olan \u00e7erezler kullan\u0131yoruz. Baz\u0131 \u00e7erezler taray\u0131c\u0131 kapat\u0131ld\u0131ktan sonra otomatik olarak silinir (\u201coturum \u00e7erezleri\u201d), di\u011ferleri ise cihaz\u0131n\u0131zda daha uzun s\u00fcre kal\u0131r ve sayfa ayarlar\u0131n\u0131n kaydedilmesini sa\u011flar (\u201ckal\u0131c\u0131 \u00e7erezler\u201d). Kal\u0131c\u0131 \u00e7erezlerin saklama s\u00fcresini taray\u0131c\u0131 ayarlar\u0131n\u0131zdaki \u00e7erez ayarlar\u0131 b\u00f6l\u00fcm\u00fcnde bulabilirsiniz.<\/p>\n<p>E\u011fer bizim taraf\u0131m\u0131zdan yerle\u015ftirilen tekil \u00e7erezler arac\u0131l\u0131\u011f\u0131yla ki\u015fisel veri i\u015fleniyorsa, bu i\u015flem s\u00f6zle\u015fmenin yerine getirilmesi i\u00e7in GDPR Madde 6 (1) b uyar\u0131nca, verilen onay durumunda GDPR Madde 6 (1) a uyar\u0131nca veya web sitesinin en iyi i\u015flevselli\u011fini sa\u011flama ve kullan\u0131c\u0131 dostu bir ziyaret deneyimi sunma konusundaki me\u015fru menfaatimiz do\u011frultusunda GDPR Madde 6 (1) f uyar\u0131nca yap\u0131l\u0131r.<\/p>\n<p>Taray\u0131c\u0131n\u0131z\u0131 \u00e7erezler hakk\u0131nda bilgilendirilmenizi sa\u011flayacak \u015fekilde ayarlayabilir ve bunlar\u0131n kabul\u00fcne tek tek karar verebilir veya belirli durumlarda ya da genel olarak \u00e7erez kabul\u00fcn\u00fc engelleyebilirsiniz.<\/p>\n<p>\u00c7erezlerin kabul edilmemesi durumunda web sitemizin i\u015flevselli\u011finin s\u0131n\u0131rlanabilece\u011fini l\u00fctfen unutmay\u0131n.<\/p>\n<h2>4) Bizimle \u0130leti\u015fime Ge\u00e7me<\/h2>\n<p>Bizimle ileti\u015fime ge\u00e7ti\u011finizde (\u00f6r. ileti\u015fim formu veya e-posta yoluyla), ki\u015fisel veriler toplan\u0131r. Hangi verilerin topland\u0131\u011f\u0131 ilgili ileti\u015fim formundan anla\u015f\u0131labilir. Bu veriler yaln\u0131zca talebinizi yan\u0131tlamak veya sizinle ileti\u015fim kurmak ve buna ba\u011fl\u0131 teknik y\u00f6netim amac\u0131yla saklan\u0131r ve kullan\u0131l\u0131r.<\/p>\n<p>Verilerin i\u015flenmesinin yasal dayana\u011f\u0131, GDPR Madde 6 (1) f uyar\u0131nca talebinizi yan\u0131tlamaya y\u00f6nelik me\u015fru menfaatimizdir. \u0130leti\u015fiminiz bir s\u00f6zle\u015fmenin kurulmas\u0131na y\u00f6nelikse ek yasal dayanak GDPR Madde 6 (1) b\u2019dir. Kar\u015f\u0131t yasal saklama y\u00fck\u00fcml\u00fcl\u00fckleri bulunmad\u0131\u011f\u0131 s\u00fcrece, talebinizin nihai olarak sonu\u00e7land\u0131\u011f\u0131 anla\u015f\u0131ld\u0131\u011f\u0131nda verileriniz silinir.<\/p>\n<h2>5) Site \u0130\u015flevleri<\/h2>\n<p>Google Web Fonts<\/p>\n<p>Bu site, yaz\u0131 tiplerini tek tip g\u00f6r\u00fcnt\u00fclemek i\u00e7in \u015fu sa\u011flay\u0131c\u0131n\u0131n web fontlar\u0131n\u0131 kullan\u0131r: Google Ireland Limited, Gordon House, 4 Barrow St, Dublin, D04 E5W5, \u0130rlanda<\/p>\n<p>Veriler ayr\u0131ca \u015fu kurulu\u015fa aktar\u0131l\u0131r: Google LLC, ABD<\/p>\n<p>Bir sayfa a\u00e7t\u0131\u011f\u0131n\u0131zda taray\u0131c\u0131n\u0131z gerekli web fontlar\u0131n\u0131 g\u00f6r\u00fcnt\u00fclemek i\u00e7in taray\u0131c\u0131 \u00f6nbelle\u011fine y\u00fckler ve sa\u011flay\u0131c\u0131n\u0131n sunucular\u0131yla do\u011frudan ba\u011flant\u0131 kurar. Bu s\u00fcre\u00e7te IP adresiniz dahil belirli taray\u0131c\u0131 bilgileri sa\u011flay\u0131c\u0131ya iletilir.<\/p>\n<p>Sa\u011flay\u0131c\u0131yla ba\u011flant\u0131 kurulurken ki\u015fisel verilerin i\u015flenmesi, yaln\u0131zca GDPR Madde 6 (1) a uyar\u0131nca a\u00e7\u0131k onay vermi\u015f olman\u0131z durumunda ger\u00e7ekle\u015fir. Onay\u0131n\u0131z\u0131, web sitesinde sunulan \u201c\u00e7erez onay arac\u0131n\u0131\u201d devre d\u0131\u015f\u0131 b\u0131rakarak gelece\u011fe y\u00f6nelik olarak diledi\u011finiz zaman geri \u00e7ekebilirsiniz. Taray\u0131c\u0131n\u0131z web fontlar\u0131n\u0131 desteklemiyorsa bilgisayar\u0131n\u0131z\u0131n standart yaz\u0131 tipi kullan\u0131l\u0131r.<\/p>\n<p>ABD\u2019ye veri aktar\u0131m\u0131 i\u00e7in sa\u011flay\u0131c\u0131, Avrupa Komisyonu\u2019nun yeterlilik karar\u0131 temelinde Avrupa veri koruma standartlar\u0131na uyumu garanti eden AB-ABD Veri Gizlili\u011fi \u00c7er\u00e7evesine kat\u0131lmaktad\u0131r.<\/p>\n<p>Google\u2019\u0131n gizlilik standartlar\u0131na ili\u015fkin daha fazla bilgiye burada ula\u015fabilirsiniz: <a href=\"https:\/\/business.safety.google\/privacy\/\" target=\"_blank\" rel=\"noopener\">https:\/\/business.safety.google<wbr \/>\/privacy<wbr \/>\/<\/a><\/p>\n<h2>6) Ara\u00e7lar ve \u00c7e\u015fitli Hizmetler<\/h2>\n<p>Bu web sitesi, \u00e7erezler ve \u00e7erez tabanl\u0131 uygulamalar i\u00e7in ge\u00e7erli kullan\u0131c\u0131 onay\u0131n\u0131 almak amac\u0131yla bir \u201c\u00e7erez onay arac\u0131\u201d kullan\u0131r. Bu ara\u00e7, kullan\u0131c\u0131 sayfay\u0131 a\u00e7t\u0131\u011f\u0131nda etkile\u015fimli bir kullan\u0131c\u0131 aray\u00fcz\u00fc \u015feklinde g\u00f6sterilir ve ilgili kutular i\u015faretlenerek belirli \u00e7erezlere ve\/veya \u00e7erez tabanl\u0131 uygulamalara onay verilebilir. Bu ara\u00e7 sayesinde, onay gerektiren t\u00fcm \u00e7erezler\/yaz\u0131l\u0131mlar, kullan\u0131c\u0131 ilgili kutuyu i\u015faretledi\u011finde y\u00fcklenir. Bu, \u00e7erezlerin yaln\u0131zca kullan\u0131c\u0131 onay verdi\u011finde cihaz\u0131na yerle\u015ftirilmesini sa\u011flar.<\/p>\n<p>Ara\u00e7, \u00e7erez tercihlerinizi kaydetmek i\u00e7in teknik olarak gerekli \u00e7erezler yerle\u015ftirir. Genellikle ki\u015fisel kullan\u0131c\u0131 verileri i\u015flenmez.<br \/>E\u011fer bireysel durumlarda (\u00f6r. IP adresi gibi) \u00e7erez ayarlar\u0131n\u0131n kaydedilmesi, atanmas\u0131 veya belgelenmesi amac\u0131yla ki\u015fisel veriler i\u015fleniyorsa, bu i\u015flem GDPR Madde 6 (1) f uyar\u0131nca yasal olarak uyumlu, kullan\u0131c\u0131ya \u00f6zel ve kullan\u0131c\u0131 dostu bir \u00e7erez onay y\u00f6netimi sa\u011flama y\u00f6n\u00fcndeki me\u015fru menfaatimize dayan\u0131r.<\/p>\n<p>Veri i\u015flemenin di\u011fer bir yasal dayana\u011f\u0131 GDPR Madde 6 (1) c\u2019dir. Sorumlu taraf olarak, teknik olarak gerekli olmayan \u00e7erezlerin kullan\u0131m\u0131n\u0131 kullan\u0131c\u0131 onay\u0131na ba\u011flama konusunda yasal y\u00fck\u00fcml\u00fcl\u00fc\u011f\u00fcm\u00fcz vard\u0131r.<\/p>\n<p>\u00c7erez onay arac\u0131n\u0131n i\u015fletmecisi ve ayar se\u00e7enekleri hakk\u0131nda daha fazla bilgiyi web sitemizdeki ilgili kullan\u0131c\u0131 aray\u00fcz\u00fcnde bulabilirsiniz.<\/p>\n<h2>7) Veri Sahibi Haklar\u0131<\/h2>\n<p><b>7.1<\/b>\u00a0Ge\u00e7erli veri koruma hukuku, veri sorumlusuna kar\u015f\u0131 ki\u015fisel verilerinizin i\u015flenmesiyle ilgili olarak a\u015fa\u011f\u0131daki kapsaml\u0131 haklar\u0131 tan\u0131r (bilgi ve m\u00fcdahale haklar\u0131):<\/p>\n<ul>\n<li>GDPR Madde 15 uyar\u0131nca eri\u015fim hakk\u0131;<\/li>\n<li>GDPR Madde 16 uyar\u0131nca d\u00fczeltme hakk\u0131;<\/li>\n<li>GDPR Madde 17 uyar\u0131nca silme hakk\u0131 (&#8222;unutulma hakk\u0131&#8220;);<\/li>\n<li>GDPR Madde 18 uyar\u0131nca i\u015fleme k\u0131s\u0131tlama hakk\u0131;<\/li>\n<li>GDPR Madde 19 uyar\u0131nca bilgilendirilme hakk\u0131;<\/li>\n<li>GDPR Madde 20 uyar\u0131nca veri ta\u015f\u0131nabilirli\u011fi hakk\u0131;<\/li>\n<li>GDPR Madde 7 (3) uyar\u0131nca verilen bir onay\u0131 geri \u00e7ekme hakk\u0131;<\/li>\n<li>GDPR Madde 77 uyar\u0131nca \u015fikayette bulunma hakk\u0131.<\/li>\n<\/ul>\n<p><b>7.2<\/b>\u00a0\u0130T\u0130RAZ HAKKI<\/p>\n<p>E\u011eER K\u0130\u015e\u0130SEL VER\u0130LER\u0130N\u0130Z\u0130, MENFAATLER\u0130N DENGELENMES\u0130 KAPSAMINDA A\u011eIR BASAN ME\u015eRU MENFAAT\u0130M\u0130ZE DAYANARAK \u0130\u015eL\u0130YORSAK, \u00d6ZEL DURUMUNUZDAN KAYNAKLANAN NEDENLERLE BU \u0130\u015eLEMEYE GELECEKTE ETK\u0130L\u0130 OLMAK \u00dcZERE HER ZAMAN \u0130T\u0130RAZ ETME HAKKINA SAH\u0130PS\u0130N\u0130Z.<\/p>\n<p>\u0130T\u0130RAZ HAKKINIZI KULLANIRSANIZ, S\u00d6Z KONUSU VER\u0130LER\u0130N \u0130\u015eLENMES\u0130N\u0130 DURDURURUZ. ANCAK, \u0130\u015eLEMEY\u0130 ME\u015eRU KILAN VE S\u0130Z\u0130N MENFAATLER\u0130N\u0130ZDEN, TEMEL HAK VE \u00d6ZG\u00dcRL\u00dcKLER\u0130N\u0130ZDEN A\u011eIR BASAN ZORLAYICI KORUMAYA DE\u011eER NEDENLER G\u00d6STEREB\u0130L\u0130RSEK VEYA \u0130\u015eLEME HUKUK\u0130 TALEPLER\u0130N \u0130LER\u0130 S\u00dcR\u00dcLMES\u0130, KULLANILMASI VEYA SAVUNULMASINA H\u0130ZMET ED\u0130YORSA, \u0130\u015eLEMEYE DEVAM ETME HAKKIMIZI SAKLI TUTARIZ.<\/p>\n<p>K\u0130\u015e\u0130SEL VER\u0130LER\u0130N\u0130Z\u0130 DO\u011eRUDAN PAZARLAMA AMA\u00c7LARIYLA \u0130\u015eLEYEN B\u0130R DURUM S\u00d6Z KONUSUYSA, K\u0130\u015e\u0130SEL VER\u0130LER\u0130N\u0130Z\u0130N BU T\u00dcR PAZARLAMA AMA\u00c7LARI \u0130\u00c7\u0130N \u0130\u015eLENMES\u0130NE HER ZAMAN \u0130T\u0130RAZ ETME HAKKINA SAH\u0130PS\u0130N\u0130Z. \u0130T\u0130RAZ, YUKARIDA A\u00c7IKLANDI\u011eI \u015eEK\u0130LDE YAPILAB\u0130L\u0130R.<\/p>\n<p>\u0130T\u0130RAZ HAKKINIZI KULLANIRSANIZ, S\u00d6Z KONUSU VER\u0130LER\u0130N DO\u011eRUDAN REKLAM AMA\u00c7LARIYLA \u0130\u015eLENMES\u0130N\u0130 DURDURURUZ.<\/p>\n<h2>8) Ki\u015fisel Verilerin Saklanma S\u00fcresi<\/h2>\n<p>Ki\u015fisel verilerin saklanma s\u00fcresi, ilgili yasal dayana\u011fa, i\u015fleme amac\u0131na ve \u2014 ge\u00e7erliyse \u2014 ilgili yasal saklama s\u00fcrelerine (\u00f6rn. ticari veya vergi saklama s\u00fcreleri) ba\u011fl\u0131d\u0131r.<\/p>\n<p>Ki\u015fisel veriler GDPR Madde 6 (1) a uyar\u0131nca a\u00e7\u0131k r\u0131zaya dayanarak i\u015fleniyorsa, ilgili ki\u015fi r\u0131zas\u0131n\u0131 geri \u00e7ekene kadar saklan\u0131r.<\/p>\n<p>GDPR Madde 6 (1) b uyar\u0131nca yasal y\u00fck\u00fcml\u00fcl\u00fckler \u00e7er\u00e7evesinde i\u015flenen veriler i\u00e7in yasal saklama s\u00fcreleri ge\u00e7erliyse, bu veriler s\u00f6zle\u015fmenin yerine getirilmesi veya ba\u015flat\u0131lmas\u0131 i\u00e7in art\u0131k gerekli olmad\u0131\u011f\u0131nda ve\/veya art\u0131k saklama konusunda me\u015fru bir menfaatimiz bulunmad\u0131\u011f\u0131nda, saklama s\u00fcresi dolduktan sonra rutin olarak silinir.<\/p>\n<p>Ki\u015fisel veriler GDPR Madde 6 (1) f uyar\u0131nca i\u015fleniyorsa, ilgili ki\u015fi GDPR Madde 21 (1) uyar\u0131nca itiraz hakk\u0131n\u0131 kullanana kadar saklan\u0131r; ancak zorlay\u0131c\u0131 me\u015fru gerek\u00e7eler sunabilirsek veya i\u015fleme hukuki taleplerin ileri s\u00fcr\u00fclmesi, kullan\u0131lmas\u0131 veya savunulmas\u0131na hizmet ediyorsa saklama devam eder.<\/p>\n<p>Do\u011frudan pazarlama amac\u0131yla GDPR Madde 6 (1) f uyar\u0131nca i\u015flenen veriler, ilgili ki\u015fi GDPR Madde 21 (2) uyar\u0131nca itiraz edene kadar saklan\u0131r.<\/p>\n<p>Bu a\u00e7\u0131klamadaki belirli i\u015fleme durumlar\u0131na ili\u015fkin bilgilerde aksi belirtilmedik\u00e7e, ki\u015fisel veriler, topland\u0131klar\u0131 veya i\u015flendikleri ama\u00e7 i\u00e7in art\u0131k gerekli olmad\u0131\u011f\u0131nda silinir.<\/p>\n<\/div>\n<div id=\"itkanzlei_txt_copyright\" style=\"font-size: 12px; margin-top: 8em;\">\n<div style=\"display: inline-block; vertical-align: top;\"><a href=\"https:\/\/www.it-recht-kanzlei.de\/\" target=\"_blank\" rel=\"noopener\"><img decoding=\"async\" src=\"https:\/\/www.it-recht-kanzlei.de\/logo\/Copyright-Logo_Datenschutzerklaerung.png?i=3bbf5-22377-39c8-907e-1\" id=\"itkanzlei_img_copyright\" alt=\"\u00a9 IT-Recht Kanzlei\" title=\"\u00a9 IT-Recht Kanzlei\" style=\"margin-top: -20px; border-style: none; max-width: 100%;\" \/><\/a><\/div>\n<div style=\"display: inline-block; vertical-align: top; margin-left: 5px; float: right; white-space: nowrap;\">S\u00fcr\u00fcm: 20.11.2025, 12:26:33<\/div>\n<div style=\"clear: right;\"><\/div>\n<\/div>\n<\/div>\n<p>[\/et_pb_text][\/et_pb_column][\/et_pb_row][\/et_pb_section]<\/p>\n","protected":false},"excerpt":{"rendered":"<p>GENEL B\u0130LG\u0130LER Ki\u015fisel verilerinizin korunmas\u0131 bizim i\u00e7in \u00f6zellikle \u00f6nemlidir. Ki\u015fisel verilerinizi gizlilikle ve yasal veri koruma d\u00fczenlemelerine uygun olarak, ayr\u0131ca bu Gizlilik Politikas\u0131na g\u00f6re i\u015flemekteyiz.Bu Gizlilik Politikas\u0131, web sitemizde ki\u015fisel verileri nas\u0131l toplad\u0131\u011f\u0131m\u0131z, i\u015fledi\u011fimiz ve kulland\u0131\u011f\u0131m\u0131z hakk\u0131nda sizi bilgilendirir. SORUMLU KURULU\u015e Otonom Kad\u0131n S\u0131\u011f\u0131na\u011f\u0131 Heilbronn\u2013 Frauen Helfen Frauen e.V.Dan\u0131\u015fma MerkeziGartenstr. 6474072 HeilbronnTel. 0 71 31 [&hellip;]<\/p>\n","protected":false},"author":1,"featured_media":0,"parent":0,"menu_order":0,"comment_status":"closed","ping_status":"closed","template":"","meta":{"_et_pb_use_builder":"on","_et_pb_old_content":"","_et_gb_content_width":"","footnotes":""},"class_list":["post-59","page","type-page","status-publish","hentry"],"_links":{"self":[{"href":"https:\/\/fhf-heilbronn.de\/turk\/wp-json\/wp\/v2\/pages\/59","targetHints":{"allow":["GET"]}}],"collection":[{"href":"https:\/\/fhf-heilbronn.de\/turk\/wp-json\/wp\/v2\/pages"}],"about":[{"href":"https:\/\/fhf-heilbronn.de\/turk\/wp-json\/wp\/v2\/types\/page"}],"author":[{"embeddable":true,"href":"https:\/\/fhf-heilbronn.de\/turk\/wp-json\/wp\/v2\/users\/1"}],"replies":[{"embeddable":true,"href":"https:\/\/fhf-heilbronn.de\/turk\/wp-json\/wp\/v2\/comments?post=59"}],"version-history":[{"count":13,"href":"https:\/\/fhf-heilbronn.de\/turk\/wp-json\/wp\/v2\/pages\/59\/revisions"}],"predecessor-version":[{"id":729,"href":"https:\/\/fhf-heilbronn.de\/turk\/wp-json\/wp\/v2\/pages\/59\/revisions\/729"}],"wp:attachment":[{"href":"https:\/\/fhf-heilbronn.de\/turk\/wp-json\/wp\/v2\/media?parent=59"}],"curies":[{"name":"wp","href":"https:\/\/api.w.org\/{rel}","templated":true}]}}