{"id":61,"date":"2019-01-29T07:46:57","date_gmt":"2019-01-29T07:46:57","guid":{"rendered":"http:\/\/frauenhaus-heilbronn.de\/turk\/?page_id=61"},"modified":"2026-04-20T14:21:47","modified_gmt":"2026-04-20T14:21:47","slug":"damga","status":"publish","type":"page","link":"https:\/\/fhf-heilbronn.de\/turk\/damga\/","title":{"rendered":"Damga"},"content":{"rendered":"<p>[et_pb_section fb_built=&#8220;1&#8243; _builder_version=&#8220;4.16&#8243; global_colors_info=&#8220;{}&#8220;][et_pb_row _builder_version=&#8220;4.16&#8243; global_colors_info=&#8220;{}&#8220;][et_pb_column type=&#8220;4_4&#8243; _builder_version=&#8220;4.16&#8243; custom_padding=&#8220;|||&#8220; global_colors_info=&#8220;{}&#8220; custom_padding__hover=&#8220;|||&#8220;][et_pb_image src=&#8220;http:\/\/frauenhaus-heilbronn.de\/wp-content\/uploads\/sites\/8\/2019\/02\/Frauen-helfen-Frauen-Headline-Impressum.png&#8220; align_tablet=&#8220;center&#8220; align_phone=&#8220;&#8220; align_last_edited=&#8220;on|desktop&#8220; disabled_on=&#8220;on|off|off&#8220; admin_label=&#8220;Headerbild Impressum&#8220; _builder_version=&#8220;4.16&#8243; global_colors_info=&#8220;{}&#8220;][\/et_pb_image][et_pb_image src=&#8220;http:\/\/frauenhaus-heilbronn.de\/wp-content\/uploads\/sites\/8\/2019\/02\/Frauen-helfen-Frauen-Headline-Impressum-mobile.jpg&#8220; align_tablet=&#8220;center&#8220; align_phone=&#8220;&#8220; align_last_edited=&#8220;on|desktop&#8220; disabled_on=&#8220;off|on|on&#8220; admin_label=&#8220;Headerbild Impressum mobil&#8220; _builder_version=&#8220;4.16&#8243; global_colors_info=&#8220;{}&#8220;][\/et_pb_image][\/et_pb_column][\/et_pb_row][et_pb_row _builder_version=&#8220;4.16&#8243; custom_padding=&#8220;24px|||||&#8220; global_colors_info=&#8220;{}&#8220;][et_pb_column type=&#8220;4_4&#8243; _builder_version=&#8220;4.16&#8243; custom_padding=&#8220;|||&#8220; global_colors_info=&#8220;{}&#8220; custom_padding__hover=&#8220;|||&#8220;][et_pb_text admin_label=&#8220;Einleitung Unser Verein&#8220; _builder_version=&#8220;4.27.4&#8243; text_font=&#8220;||||||||&#8220; text_text_color=&#8220;#4c4c4c&#8220; text_line_height=&#8220;1.9em&#8220; header_font=&#8220;||||||||&#8220; header_text_color=&#8220;#7f5da4&#8243; header_2_font=&#8220;|700|||||||&#8220; header_2_text_color=&#8220;#7f5da4&#8243; header_3_font=&#8220;||||||||&#8220; header_3_text_color=&#8220;#7f5da4&#8243; global_colors_info=&#8220;{}&#8220;]<\/p>\n<div>\n<div class=\"et_pb_column et_pb_column_4_4 et_pb_column_1  et_pb_css_mix_blend_mode_passthrough et-last-child\">\n<div class=\"et_pb_module et_pb_text et_pb_text_0  et_pb_text_align_left et_pb_bg_layout_light\">\n<div class=\"et_pb_text_inner\">\n<div class=\"agb_content agb_imprint  notranslate\">\n<div>Autonomes Frauenhaus Heilbronn \u2013 Frauen Helfen Frauen e.V.<\/div>\n<\/div>\n<\/div>\n<\/div>\n<\/div>\n<p>Gartenstr. 64<\/p>\n<p>74072 Heilbronn<\/p>\n<p>Almanya<\/p>\n<p>&nbsp;<\/p>\n<p>Tel.: 0 71 31 \u2013 50 78 53<br \/>Faks: 0 71 31 \u2013 57 46 46<\/p>\n<p>E-Posta: verein(at)fhf-heilbronn.de<\/p>\n<p>Kay\u0131t Mahkemesi: Stuttgart Mahkemesi<\/p>\n<p>Kay\u0131t Numaras\u0131: VR 101376<\/p>\n<p>Yetkili Y\u00f6netim Kurulu: Ute Langner-Zimmermann (1. Ba\u015fkan), Christiane von Heyden (2. Ba\u015fkan), Elisabeth Wiedmaier (Sekreter), Ute Eggert (Sayman)<\/p>\n<\/div>\n<div id=\"itkanzlei_txt_copyright\" style=\"font-size: 12px; margin-top: 8em;\">\n<div style=\"display: inline-block; vertical-align: top; margin-left: 5px; float: right; white-space: nowrap;\">G\u00fcncel: 20.11.2025, 12:11:42<\/div>\n<div style=\"clear: right;\"><\/div>\n<\/div>\n<h3><strong>DERNEK KAYDI<\/strong><\/h3>\n<p><span>K\u00e2r amac\u0131 g\u00fctmeyen kay\u0131tl\u0131 dernek<br \/>Stuttgart Mahkemesi Kay\u0131t No: 101376<\/span><\/p>\n<p>&nbsp;<\/p>\n<h3><strong>\u0130NTERNET VARLI\u011eI<\/strong><\/h3>\n<p><span>Web tasar\u0131m\u0131: Felicia Mayer<br \/><\/span><span>\u0130ll\u00fcstrasyonlar: Martin Burkhardt<span style=\"color: #4c4c4c;\">\u00a0<\/span><\/span><span style=\"color: #4c4c4c;\"><a href=\"http:\/\/www.martinburkhardt.de\/portfolio\" target=\"_blank\" rel=\"noopener noreferrer\" style=\"color: #4c4c4c;\">www.martinburkhardt.de\/portfolio<\/a>\u00a0<\/span><\/p>\n<h3><strong><br \/>UYU\u015eMAZLIKLARIN \u00c7\u00d6Z\u00dcM\u00dc<\/strong><\/h3>\n<p><span>T\u00fcketici arabuluculuk kurumlar\u0131 \u00f6n\u00fcnde y\u00fcr\u00fct\u00fclen uyu\u015fmazl\u0131k \u00e7\u00f6z\u00fcm prosed\u00fcrlerine kat\u0131lmaya haz\u0131r veya zorunlu de\u011filiz.\u00a0<\/span><\/p>\n<p>&nbsp;<\/p>\n<h3><strong>TEL\u0130F HAKLARI<\/strong><\/h3>\n<p><span>Bu sayfalardaki i\u00e7erik ve eserler sayfa y\u00f6neticileri taraf\u0131ndan olu\u015fturulmu\u015f olup Alman telif haklar\u0131na tabidir. Telif haklar\u0131 kapsam\u0131 d\u0131\u015f\u0131ndaki \u00e7o\u011faltma, d\u00fczenleme, da\u011f\u0131t\u0131m ve herhangi bir kullan\u0131m i\u00e7in ilgili yazar\u0131n veya olu\u015fturucunun yaz\u0131l\u0131 izni gerekmektedir. Bu sayfan\u0131n indirmeleri ve kopyalar\u0131 yaln\u0131zca \u00f6zel ve ticari olmayan kullan\u0131m i\u00e7in izinlidir. Sayfadaki i\u00e7erikler sayfa y\u00f6neticisi taraf\u0131ndan olu\u015fturulmam\u0131\u015fsa, \u00fc\u00e7\u00fcnc\u00fc \u015fah\u0131slar\u0131n telif haklar\u0131na sayg\u0131 g\u00f6sterilir. \u00d6zellikle \u00fc\u00e7\u00fcnc\u00fc \u015fah\u0131s i\u00e7erikleri buna g\u00f6re i\u015faretlenir. Telif hakk\u0131 ihlali fark ederseniz, l\u00fctfen bize bildirin. Hukuki ihlallerin fark\u0131na var\u0131lmas\u0131 durumunda, s\u00f6z konusu i\u00e7erikler derhal kald\u0131r\u0131lacakt\u0131r.\u00a0<\/span><\/p>\n<p>&nbsp;<\/p>\n<p>[\/et_pb_text][\/et_pb_column][\/et_pb_row][\/et_pb_section]<\/p>\n","protected":false},"excerpt":{"rendered":"<p>Autonomes Frauenhaus Heilbronn \u2013 Frauen Helfen Frauen e.V. Gartenstr. 64 74072 Heilbronn Almanya &nbsp; Tel.: 0 71 31 \u2013 50 78 53Faks: 0 71 31 \u2013 57 46 46 E-Posta: verein(at)fhf-heilbronn.de Kay\u0131t Mahkemesi: Stuttgart Mahkemesi Kay\u0131t Numaras\u0131: VR 101376 Yetkili Y\u00f6netim Kurulu: Ute Langner-Zimmermann (1. Ba\u015fkan), Christiane von Heyden (2. Ba\u015fkan), Elisabeth Wiedmaier (Sekreter), Ute [&hellip;]<\/p>\n","protected":false},"author":1,"featured_media":0,"parent":0,"menu_order":0,"comment_status":"closed","ping_status":"closed","template":"","meta":{"_et_pb_use_builder":"on","_et_pb_old_content":"","_et_gb_content_width":"","footnotes":""},"class_list":["post-61","page","type-page","status-publish","hentry"],"_links":{"self":[{"href":"https:\/\/fhf-heilbronn.de\/turk\/wp-json\/wp\/v2\/pages\/61","targetHints":{"allow":["GET"]}}],"collection":[{"href":"https:\/\/fhf-heilbronn.de\/turk\/wp-json\/wp\/v2\/pages"}],"about":[{"href":"https:\/\/fhf-heilbronn.de\/turk\/wp-json\/wp\/v2\/types\/page"}],"author":[{"embeddable":true,"href":"https:\/\/fhf-heilbronn.de\/turk\/wp-json\/wp\/v2\/users\/1"}],"replies":[{"embeddable":true,"href":"https:\/\/fhf-heilbronn.de\/turk\/wp-json\/wp\/v2\/comments?post=61"}],"version-history":[{"count":15,"href":"https:\/\/fhf-heilbronn.de\/turk\/wp-json\/wp\/v2\/pages\/61\/revisions"}],"predecessor-version":[{"id":728,"href":"https:\/\/fhf-heilbronn.de\/turk\/wp-json\/wp\/v2\/pages\/61\/revisions\/728"}],"wp:attachment":[{"href":"https:\/\/fhf-heilbronn.de\/turk\/wp-json\/wp\/v2\/media?parent=61"}],"curies":[{"name":"wp","href":"https:\/\/api.w.org\/{rel}","templated":true}]}}